st common divisor of 63786 and 4?
2
What is the greatest common divisor of 10878 and 42846?
222
What is the highest common divisor of 123673 and 44?
11
Calculate the greatest common factor of 929477 and 148.
37
Calculate the highest common divisor of 213 and 189783.
213
Calculate the greatest common divisor of 52953 and 1083.
57
What is the greatest common factor of 4491 and 657?
9
What is the greatest common divisor of 330 and 61116?
66
Calculate the greatest common divisor of 2043167 and 497.
497
What is the highest common factor of 12 and 172218?
6
What is the highest common factor of 31 and 142?
1
Calculate the greatest common divisor of 16 and 1698568.
8
Calculate the highest common factor of 3395416 and 16.
8
What is the highest common divisor of 98 and 153790?
14
Calculate the greatest common factor of 94 and 28529.
47
What is the highest common divisor of 18 and 4124?
2
What is the highest common divisor of 627 and 93489?
33
What is the greatest common divisor of 1062 and 17730?
18
Calculate the highest common divisor of 269238 and 690.
138
Calculate the highest common factor of 178 and 59897.
89
What is the greatest common divisor of 45 and 498969?
9
What is the highest common divisor of 8717 and 758?
379
Calculate the greatest common factor of 39054 and 3962.
566
What is the highest common divisor of 481 and 25493?
481
Calculate the highest common factor of 1627298 and 332.
166
What is the highest common divisor of 14674 and 116754?
638
What is the highest common divisor of 215100 and 60?
60
What is the highest common factor of 4353864 and 48?
24
Calculate the greatest common divisor of 16 and 163216.
16
Calculate the highest common factor of 3 and 32211.
3
What is the highest common divisor of 296 and 114996?
148
Calculate the greatest common divisor of 75199 and 417.
139
What is the highest common factor of 152230 and 130?
130
What is the highest common divisor of 6786 and 369?
9
What is the greatest common divisor of 2860 and 5356?
52
What is the greatest common divisor of 211599 and 204?
51
Calculate the greatest common factor of 53379 and 243.
81
What is the greatest common factor of 442200 and 87450?
1650
What is the greatest common divisor of 2764 and 691?
691
Calculate the highest common divisor of 3955 and 8249.
113
Calculate the highest common factor of 1902640 and 1360.
1360
Calculate the greatest common divisor of 5970 and 1005.
15
Calculate the highest common divisor of 330 and 22614.
6
Calculate the greatest common factor of 39 and 181818.
39
What is the greatest common factor of 9999 and 1919?
101
What is the highest common divisor of 10 and 1198910?
10
What is the highest common divisor of 22 and 5634508?
22
What is the highest common factor of 378 and 319970?
14
What is the greatest common factor of 12064 and 290?
58
What is the highest common divisor of 8925 and 1484763?
357
What is the greatest common divisor of 1 and 363361?
1
What is the greatest common factor of 7095 and 3795?
165
Calculate the greatest common factor of 4236 and 132.
12
What is the greatest common divisor of 106324 and 1064?
76
Calculate the greatest common divisor of 47478 and 2214.
246
Calculate the highest common factor of 254034 and 462.
66
Calculate the greatest common factor of 4403 and 12580.
629
What is the greatest common factor of 748630 and 860?
430
What is the greatest common divisor of 1161 and 5375?
43
What is the greatest common divisor of 404 and 2220?
4
What is the greatest common divisor of 2234 and 46?
2
What is the greatest common divisor of 80733 and 51?
51
Calculate the greatest common divisor of 39 and 2992431.
39
What is the highest common divisor of 8066 and 13283?
37
What is the highest common divisor of 1015003 and 583?
583
Calculate the greatest common divisor of 136075 and 75.
25
What is the highest common factor of 20600 and 5047?
103
Calculate the greatest common factor of 608930 and 80.
10
What is the highest common factor of 124 and 657014?
62
Calculate the greatest common factor of 310 and 1674.
62
Calculate the highest common divisor of 84 and 785337.
21
Calculate the highest common factor of 372 and 8432.
124
Calculate the highest common factor of 83846 and 280.
14
Calculate the greatest common factor of 11 and 55231.
11
What is the greatest common factor of 406 and 1653?
29
Calculate the greatest common factor of 129071 and 3064.
383
Calculate the highest common divisor of 184 and 3232144.
184
What is the greatest common divisor of 594650 and 350?
350
Calculate the highest common factor of 850 and 22168.
34
What is the greatest common divisor of 779562 and 6?
6
Calculate the highest common divisor of 31725 and 25.
25
Calculate the highest common factor of 117 and 476359.
13
Calculate the greatest common factor of 37 and 2567430.
37
What is the highest common factor of 182 and 506926?
14
Calculate the greatest common factor of 5073 and 868818.
267
What is the greatest common factor of 608 and 64?
32
Calculate the highest common divisor of 6716 and 1978.
46
Calculate the greatest common factor of 57 and 2631.
3
What is the highest common divisor of 7200 and 146800?
400
What is the greatest common factor of 4810 and 10790?
130
Calculate the highest common divisor of 14728 and 27216.
56
Calculate the highest common factor of 181236 and 66.
66
Calculate the greatest common divisor of 9218 and 22207.
419
Calculate the highest common divisor of 180 and 226732.
4
Calculate the highest common factor of 55756 and 6784.
212
What is the greatest common factor of 10421 and 850?
17
What is the highest common divisor of 365 and 4828220?
365
Calculate the highest common divisor of 928831 and 1253.
179
What is the greatest common divisor of 1734867 and 348?
87
What is the greatest common divisor of 25894 and 82401?
121
Calculate the greatest common divisor of 460 and 40.
20
Calculate the highest common factor of 3439 and 304.
19
Calculate the highest common divisor of 1302 and 613893.
651
What is the highest common divisor of 389241 and 15?
3
Calculate the highest common factor of 324 and 149607.
81
Calculate the greatest common divisor of 74 and 8.
2
What is the highest common divisor of 564 and 4998732?
564
Calculate the highest common divisor of 46 and 3743066.
46
What is the highest common factor of 2158 and 442?
26
What is the greatest common factor of 4769 and 24624?
19
Calculate the greatest common divisor of 1329615 and 201.
201
Calculate the greatest common divisor of 8 and 2109288.
8
What is the greatest common factor of 6464 and 2020?
404
What is the highest common factor of 1360 and 884?
68
Calculate the highest common divisor of 20445 and 1218.
87
Calculate the highest common factor of 77808 and 48.
48
Calculate the greatest common factor of 270 and 3270.
30
What is the highest common divisor of 82 and 275438?
82
Calculate the greatest common factor of 16669 and 422.
211
What is the highest common factor of 3550 and 89460?
710
Calculate the highest common divisor of 3150 and 122150.
350
Calculate the greatest common factor of 399 and 2117607.
57
Calculate the highest common factor of 206 and 998173.
103
What is the highest common divisor of 76400 and 75?
25
Calculate the highest common divisor of 17 and 133467.
17
What is the greatest common divisor of 363608 and 1661?
151
What is the highest common factor of 98 and 5873?
7
What is the highest common factor of 12 and 26148?
12
What is the highest common factor of 5697150 and 150?
150
Calculate the highest common factor of 53 and 111565.
53
What is the highest common factor of 1485 and 5342535?
495
Calculate the greatest common factor of 15707 and 5989.
113
What is the greatest common factor of 13 and 410371?
13
Calculate the highest common divisor of 31400 and 250.
50
Calculate the greatest common divisor of 99 and 7689.
33
Calculate the greatest common divisor of 1925 and 18225.
25
Calculate the highest common factor of 1270 and 57658.
254
What is the greatest common factor of 7514778 and 2148?
1074
Calculate the greatest common divisor of 141678 and 1224.
306
Calculate the greatest common factor of 46890 and 450.
90
What is the highest common factor of 159089 and 133?
7
What is the highest common factor of 1383920 and 720?
80
Calculate the highest common d